{"id":16070,"date":"2025-03-08T13:54:25","date_gmt":"2025-03-08T13:54:25","guid":{"rendered":"http:\/\/www.wemi-invest.com\/?page_id=16070"},"modified":"2025-03-12T15:26:23","modified_gmt":"2025-03-12T15:26:23","slug":"construction-of-photovoltaic-farms","status":"publish","type":"page","link":"https:\/\/www.wemi-invest.com\/index.php\/construction-of-photovoltaic-farms\/","title":{"rendered":"Farmy fotowoltaiczne"},"content":{"rendered":"\t\t<div data-elementor-type=\"wp-page\" data-elementor-id=\"16070\" class=\"elementor elementor-16070\" data-elementor-post-type=\"page\">\n\t\t\t\t<div class=\"wd-negative-gap elementor-element elementor-element-ca6b849 wd-section-stretch-content e-flex e-con-boxed e-con e-parent\" data-id=\"ca6b849\" data-element_type=\"container\" data-settings=\"{&quot;background_background&quot;:&quot;classic&quot;}\">\n\t\t\t\t\t<div class=\"e-con-inner\">\n\t\t<div class=\"elementor-element elementor-element-d827601 e-con-full e-flex e-con e-child\" data-id=\"d827601\" data-element_type=\"container\">\n\t\t\t\t<div class=\"elementor-element elementor-element-9e27f76 elementor-widget elementor-widget-heading\" data-id=\"9e27f76\" data-element_type=\"widget\" data-widget_type=\"heading.default\">\n\t\t\t\t<div class=\"elementor-widget-container\">\n\t\t\t\t\t<h1 class=\"elementor-heading-title elementor-size-default\">Energia przysz\u0142o\u015bci w Twoich r\u0119kach<\/h1>\t\t\t\t<\/div>\n\t\t\t\t<\/div>\n\t\t\t\t<\/div>\n\t\t\t\t\t<\/div>\n\t\t\t\t<\/div>\n\t\t<div class=\"wd-negative-gap elementor-element elementor-element-aed749b e-flex e-con-boxed e-con e-parent\" data-id=\"aed749b\" data-element_type=\"container\">\n\t\t\t\t\t<div class=\"e-con-inner\">\n\t\t<div class=\"elementor-element elementor-element-f1864e1 e-con-full aa e-flex e-con e-child\" data-id=\"f1864e1\" data-element_type=\"container\" data-settings=\"{&quot;background_background&quot;:&quot;classic&quot;,&quot;position&quot;:&quot;absolute&quot;}\">\n\t\t\t\t<\/div>\n\t\t\t\t<div class=\"elementor-element elementor-element-b6ff39d elementor-widget elementor-widget-html\" data-id=\"b6ff39d\" data-element_type=\"widget\" data-widget_type=\"html.default\">\n\t\t\t\t<div class=\"elementor-widget-container\">\n\t\t\t\t\t<script>\ndocument.addEventListener(\"DOMContentLoaded\", function () {\n    document.querySelector(\".aa\").addEventListener(\"click\", function () {\n        window.scrollTo({\n            top: document.body.scrollHeight,\n            behavior: \"smooth\"\n        });\n    });\n});\n<\/script>\t\t\t\t<\/div>\n\t\t\t\t<\/div>\n\t\t\t\t\t<\/div>\n\t\t\t\t<\/div>\n\t\t<div class=\"wd-negative-gap elementor-element elementor-element-90e2174 wd-section-stretch-content e-flex e-con-boxed e-con e-parent\" data-id=\"90e2174\" data-element_type=\"container\">\n\t\t\t\t\t<div class=\"e-con-inner\">\n\t\t<div class=\"elementor-element elementor-element-1b82f21 e-con-full e-flex e-con e-child\" data-id=\"1b82f21\" data-element_type=\"container\">\n\t\t\t\t<div class=\"elementor-element elementor-element-df1179a color-scheme-inherit text-left elementor-widget elementor-widget-text-editor\" data-id=\"df1179a\" data-element_type=\"widget\" data-widget_type=\"text-editor.default\">\n\t\t\t\t<div class=\"elementor-widget-container\">\n\t\t\t\t\t\t\t\t\t<p>Budujemy i zarz\u0105dzamy farmami fotowoltaicznymi, \u0142\u0105cz\u0105c nowoczesne technologie z ekologicznym podej\u015bciem. Nasze rozwi\u0105zania gwarantuj\u0105 stabilne i zr\u00f3wnowa\u017cone \u017ar\u00f3d\u0142a energii, przyczyniaj\u0105c si\u0119 do rozwoju zielonej przysz\u0142o\u015bci.<\/p><p>WEMI dostarcza:<\/p>\t\t\t\t\t\t\t\t<\/div>\n\t\t\t\t<\/div>\n\t\t\t\t<\/div>\n\t\t\t\t\t<\/div>\n\t\t\t\t<\/div>\n\t\t<div class=\"wd-negative-gap elementor-element elementor-element-7dde286 wd-section-stretch-content e-flex e-con-boxed e-con e-parent\" data-id=\"7dde286\" data-element_type=\"container\">\n\t\t\t\t\t<div class=\"e-con-inner\">\n\t\t<div class=\"elementor-element elementor-element-33935a3 e-con-full e-flex e-con e-child\" data-id=\"33935a3\" data-element_type=\"container\" data-settings=\"{&quot;background_background&quot;:&quot;classic&quot;}\">\n\t\t\t\t<\/div>\n\t\t<div class=\"elementor-element elementor-element-08070c8 e-con-full e-flex e-con e-child\" data-id=\"08070c8\" data-element_type=\"container\">\n\t\t<div class=\"elementor-element elementor-element-fcb2cec e-con-full e-flex e-con e-child\" data-id=\"fcb2cec\" data-element_type=\"container\">\n\t\t\t\t<div class=\"elementor-element elementor-element-e069d1e elementor-widget elementor-widget-heading\" data-id=\"e069d1e\" data-element_type=\"widget\" data-widget_type=\"heading.default\">\n\t\t\t\t<div class=\"elementor-widget-container\">\n\t\t\t\t\t<h2 class=\"elementor-heading-title elementor-size-default\">Kompleksowa realizacja inwestycji:<\/h2>\t\t\t\t<\/div>\n\t\t\t\t<\/div>\n\t\t\t\t<div class=\"elementor-element elementor-element-0ac0b48 color-scheme-inherit text-left elementor-widget elementor-widget-text-editor\" data-id=\"0ac0b48\" data-element_type=\"widget\" data-widget_type=\"text-editor.default\">\n\t\t\t\t<div class=\"elementor-widget-container\">\n\t\t\t\t\t\t\t\t\t<ul class=\"a\" style=\"list-style: none; padding: 0; max-width: 600px;\"><li style=\"display: flex; align-items: center; margin-bottom: 10px;\"><i class=\"fas fa-mountain\" style=\"font-size: 24px; flex-shrink: 0; width: 30px; text-align: center; color: #f39c12;\"><\/i><br \/><span style=\"display: inline-block; vertical-align: middle; margin-left: 15px;\">Analiza gruntu i warunk\u00f3w nas\u0142onecznienia.<\/span><\/li><li style=\"display: flex; align-items: center; margin-bottom: 10px;\"><i class=\"fas fa-drafting-compass\" style=\"font-size: 24px; flex-shrink: 0; width: 30px; text-align: center; color: #3498db;\"><\/i><br \/><span style=\"display: inline-block; vertical-align: middle; margin-left: 15px;\">Projektowanie i planowanie farm fotowoltaicznych.<\/span><\/li><li style=\"display: flex; align-items: center; margin-bottom: 10px;\"><i class=\"fas fa-file-contract\" style=\"font-size: 24px; flex-shrink: 0; width: 30px; text-align: center; color: #2ecc71;\"><\/i><br \/><span style=\"display: inline-block; vertical-align: middle; margin-left: 15px;\">Pozyskiwanie pozwole\u0144 i dokumentacji.<\/span><\/li><li style=\"display: flex; align-items: center;\"><i class=\"fas fa-solar-panel\" style=\"font-size: 24px; flex-shrink: 0; width: 30px; text-align: center; color: #e74c3c;\"><\/i><br \/><span style=\"display: inline-block; vertical-align: middle; margin-left: 15px;\">Budowa i instalacja modu\u0142\u00f3w PV najwy\u017cszej jako\u015bci.<\/span><\/li><\/ul>\t\t\t\t\t\t\t\t<\/div>\n\t\t\t\t<\/div>\n\t\t\t\t<\/div>\n\t\t\t\t<\/div>\n\t\t\t\t\t<\/div>\n\t\t\t\t<\/div>\n\t\t<div class=\"wd-negative-gap elementor-element elementor-element-647b369 wd-section-stretch-content e-flex e-con-boxed e-con e-parent\" data-id=\"647b369\" data-element_type=\"container\">\n\t\t\t\t\t<div class=\"e-con-inner\">\n\t\t<div class=\"elementor-element elementor-element-14a5a49 e-con-full e-flex e-con e-child\" data-id=\"14a5a49\" data-element_type=\"container\">\n\t\t<div class=\"elementor-element elementor-element-e27eab9 e-con-full e-flex e-con e-child\" data-id=\"e27eab9\" data-element_type=\"container\">\n\t\t\t\t<div class=\"elementor-element elementor-element-ba3170f elementor-widget elementor-widget-heading\" data-id=\"ba3170f\" data-element_type=\"widget\" data-widget_type=\"heading.default\">\n\t\t\t\t<div class=\"elementor-widget-container\">\n\t\t\t\t\t<h2 class=\"elementor-heading-title elementor-size-default\">Inteligentne zarz\u0105dzanie farmami poprzez:<\/h2>\t\t\t\t<\/div>\n\t\t\t\t<\/div>\n\t\t\t\t<div class=\"elementor-element elementor-element-f8db334 color-scheme-inherit text-left elementor-widget elementor-widget-text-editor\" data-id=\"f8db334\" data-element_type=\"widget\" data-widget_type=\"text-editor.default\">\n\t\t\t\t<div class=\"elementor-widget-container\">\n\t\t\t\t\t\t\t\t\t<ul style=\"list-style: none; padding: 0; max-width: 600px;\"><li style=\"display: flex; align-items: center; margin-bottom: 10px;\"><i class=\"fas fa-chart-line\" style=\"font-size: 24px; flex-shrink: 0; width: 30px; text-align: center; color: #f39c12;\"><\/i><br \/><span style=\"display: inline-block; vertical-align: middle; margin-left: 15px;\">Monitoring wydajno\u015bci i prognozowanie produkcji energii.<\/span><\/li><li style=\"display: flex; align-items: center; margin-bottom: 10px;\"><i class=\"fas fa-exclamation-triangle\" style=\"font-size: 24px; flex-shrink: 0; width: 30px; text-align: center; color: #3498db;\"><\/i><br \/><span style=\"display: inline-block; vertical-align: middle; margin-left: 15px;\">Automatyczne systemy wykrywania awarii i optymalizacji dzia\u0142ania.<\/span><\/li><li style=\"display: flex; align-items: center;\"><i class=\"fas fa-wifi\" style=\"font-size: 24px; flex-shrink: 0; width: 30px; text-align: center; color: #2ecc71;\"><\/i><br \/><span style=\"display: inline-block; vertical-align: middle; margin-left: 15px;\">Zdalne sterowanie instalacj\u0105 dla maksymalnej efektywno\u015bci.<\/span><\/li><\/ul>\t\t\t\t\t\t\t\t<\/div>\n\t\t\t\t<\/div>\n\t\t\t\t<\/div>\n\t\t\t\t<\/div>\n\t\t<div class=\"elementor-element elementor-element-3b874be e-con-full e-flex e-con e-child\" data-id=\"3b874be\" data-element_type=\"container\" data-settings=\"{&quot;background_background&quot;:&quot;classic&quot;}\">\n\t\t\t\t<\/div>\n\t\t\t\t\t<\/div>\n\t\t\t\t<\/div>\n\t\t<div class=\"wd-negative-gap elementor-element elementor-element-9e6908f wd-section-stretch-content e-flex e-con-boxed e-con e-parent\" data-id=\"9e6908f\" data-element_type=\"container\">\n\t\t\t\t\t<div class=\"e-con-inner\">\n\t\t<div class=\"elementor-element elementor-element-17f91de e-con-full e-flex e-con e-child\" data-id=\"17f91de\" data-element_type=\"container\" data-settings=\"{&quot;background_background&quot;:&quot;classic&quot;}\">\n\t\t\t\t<\/div>\n\t\t<div class=\"elementor-element elementor-element-fd1b24e e-con-full e-flex e-con e-child\" data-id=\"fd1b24e\" data-element_type=\"container\">\n\t\t<div class=\"elementor-element elementor-element-a773256 e-con-full e-flex e-con e-child\" data-id=\"a773256\" data-element_type=\"container\">\n\t\t\t\t<div class=\"elementor-element elementor-element-c499a4d elementor-widget elementor-widget-heading\" data-id=\"c499a4d\" data-element_type=\"widget\" data-widget_type=\"heading.default\">\n\t\t\t\t<div class=\"elementor-widget-container\">\n\t\t\t\t\t<h2 class=\"elementor-heading-title elementor-size-default\">Partnerstwo z lokalnymi spo\u0142eczno\u015bciami:\n<\/h2>\t\t\t\t<\/div>\n\t\t\t\t<\/div>\n\t\t\t\t<div class=\"elementor-element elementor-element-e53255e color-scheme-inherit text-left elementor-widget elementor-widget-text-editor\" data-id=\"e53255e\" data-element_type=\"widget\" data-widget_type=\"text-editor.default\">\n\t\t\t\t<div class=\"elementor-widget-container\">\n\t\t\t\t\t\t\t\t\t<ul style=\"list-style: none; padding: 0; max-width: 600px;\"><li style=\"display: flex; align-items: center; margin-bottom: 10px;\"><i class=\"fas fa-users\" style=\"font-size: 24px; flex-shrink: 0; width: 30px; text-align: center; color: #f39c12;\"><\/i><br \/><span style=\"display: inline-block; vertical-align: middle; margin-left: 15px;\">Wspieramy rozw\u00f3j region\u00f3w poprzez lokalne zatrudnienie.<\/span><\/li><li style=\"display: flex; align-items: center; margin-bottom: 10px;\"><i class=\"fas fa-tree\" style=\"font-size: 24px; flex-shrink: 0; width: 30px; text-align: center; color: #3498db;\"><\/i><br \/><span style=\"display: inline-block; vertical-align: middle; margin-left: 15px;\">Integrujemy projekty z otoczeniem, dbaj\u0105c o krajobraz i przyrod\u0119.<\/span><\/li><li style=\"display: flex; align-items: center;\"><i class=\"fas fa-graduation-cap\" style=\"font-size: 24px; flex-shrink: 0; width: 30px; text-align: center; color: #2ecc71;\"><\/i><br \/><span style=\"display: inline-block; vertical-align: middle; margin-left: 15px;\">Organizujemy programy edukacyjne dotycz\u0105ce energii odnawialnej.<\/span><\/li><\/ul>\t\t\t\t\t\t\t\t<\/div>\n\t\t\t\t<\/div>\n\t\t\t\t<\/div>\n\t\t\t\t<\/div>\n\t\t\t\t\t<\/div>\n\t\t\t\t<\/div>\n\t\t<div class=\"wd-negative-gap elementor-element elementor-element-edc4c9d wd-section-stretch-content e-flex e-con-boxed e-con e-parent\" data-id=\"edc4c9d\" data-element_type=\"container\">\n\t\t\t\t\t<div class=\"e-con-inner\">\n\t\t<div class=\"elementor-element elementor-element-38012e7 e-con-full e-flex e-con e-child\" data-id=\"38012e7\" data-element_type=\"container\">\n\t\t<div class=\"elementor-element elementor-element-8b5528b e-con-full e-flex e-con e-child\" data-id=\"8b5528b\" data-element_type=\"container\">\n\t\t\t\t<div class=\"elementor-element elementor-element-f4a37a8 elementor-widget elementor-widget-heading\" data-id=\"f4a37a8\" data-element_type=\"widget\" data-widget_type=\"heading.default\">\n\t\t\t\t<div class=\"elementor-widget-container\">\n\t\t\t\t\t<h2 class=\"elementor-heading-title elementor-size-default\">Rentowne projekty dla inwestor\u00f3w\n<\/h2>\t\t\t\t<\/div>\n\t\t\t\t<\/div>\n\t\t\t\t<div class=\"elementor-element elementor-element-ad1affa color-scheme-inherit text-left elementor-widget elementor-widget-text-editor\" data-id=\"ad1affa\" data-element_type=\"widget\" data-widget_type=\"text-editor.default\">\n\t\t\t\t<div class=\"elementor-widget-container\">\n\t\t\t\t\t\t\t\t\t<ul style=\"list-style: none; padding: 0; max-width: 600px;\"><li style=\"display: flex; align-items: center; margin-bottom: 10px;\"><i class=\"fas fa-lightbulb\" style=\"font-size: 24px; flex-shrink: 0; width: 30px; text-align: center; color: #f39c12;\"><\/i><br \/><span style=\"display: inline-block; vertical-align: middle; margin-left: 15px;\">Doradzamy w zakresie modeli biznesowych (PPA, aukcje OZE, prywatne inwestycje).<\/span><\/li><li style=\"display: flex; align-items: center; margin-bottom: 10px;\"><i class=\"fas fa-file-signature\" style=\"font-size: 24px; flex-shrink: 0; width: 30px; text-align: center; color: #3498db;\"><\/i><br \/><span style=\"display: inline-block; vertical-align: middle; margin-left: 15px;\">Zapewniamy d\u0142ugoterminowe umowy na sprzeda\u017c energii.<\/span><\/li><li style=\"display: flex; align-items: center;\"><i class=\"fas fa-hand-holding-usd\" style=\"font-size: 24px; flex-shrink: 0; width: 30px; text-align: center; color: #2ecc71;\"><\/i><br \/><span style=\"display: inline-block; vertical-align: middle; margin-left: 15px;\">Pomagamy w uzyskaniu finansowania i dotacji na projekty fotowoltaiczne.<\/span><\/li><\/ul>\t\t\t\t\t\t\t\t<\/div>\n\t\t\t\t<\/div>\n\t\t\t\t<\/div>\n\t\t\t\t<\/div>\n\t\t<div class=\"elementor-element elementor-element-33f2f6d e-con-full e-flex e-con e-child\" data-id=\"33f2f6d\" data-element_type=\"container\" data-settings=\"{&quot;background_background&quot;:&quot;classic&quot;}\">\n\t\t\t\t<\/div>\n\t\t\t\t\t<\/div>\n\t\t\t\t<\/div>\n\t\t<div class=\"wd-negative-gap elementor-element elementor-element-d66f970 wd-section-stretch-content e-flex e-con-boxed e-con e-parent\" data-id=\"d66f970\" data-element_type=\"container\" data-settings=\"{&quot;background_background&quot;:&quot;gradient&quot;}\">\n\t\t\t\t\t<div class=\"e-con-inner\">\n\t\t\t\t\t<\/div>\n\t\t\t\t<\/div>\n\t\t\t\t<\/div>\n\t\t","protected":false},"excerpt":{"rendered":"<p>Energia przysz\u0142o\u015bci w Twoich r\u0119kach Budujemy i zarz\u0105dzamy farmami fotowoltaicznymi, \u0142\u0105cz\u0105c nowoczesne technologie z ekologicznym podej\u015bciem. Nasze rozwi\u0105zania gwarantuj\u0105 stabilne<\/p>\n","protected":false},"author":1,"featured_media":15811,"parent":0,"menu_order":0,"comment_status":"closed","ping_status":"closed","template":"","meta":{"footnotes":""},"class_list":["post-16070","page","type-page","status-publish","has-post-thumbnail","hentry"],"yoast_head":"<!-- This site is optimized with the Yoast SEO plugin v24.6 - https:\/\/yoast.com\/wordpress\/plugins\/seo\/ -->\n<title>Farmy fotowoltaiczne \u2013 inwestycja w zielon\u0105 energi\u0119 i oszcz\u0119dno\u015bci<\/title>\n<meta name=\"description\" content=\"\u26a1 **Farmy fotowoltaiczne** \u2013 ekologiczna energia \u2600\ufe0f i oszcz\u0119dno\u015bci \ud83d\udcb0 dla firm. Zainwestuj w przysz\u0142o\u015b\u0107 i obni\u017c koszty! \u2705 Dowiedz si\u0119 wi\u0119cej.\" \/>\n<meta name=\"robots\" content=\"index, follow, max-snippet:-1, max-image-preview:large, max-video-preview:-1\" \/>\n<link rel=\"canonical\" href=\"https:\/\/www.wemi-invest.com\/index.php\/construction-of-photovoltaic-farms\/\" \/>\n<meta property=\"og:locale\" content=\"uk_UA\" \/>\n<meta property=\"og:type\" content=\"article\" \/>\n<meta property=\"og:title\" content=\"Farmy fotowoltaiczne \u2013 inwestycja w zielon\u0105 energi\u0119 i oszcz\u0119dno\u015bci\" \/>\n<meta property=\"og:description\" content=\"\u26a1 **Farmy fotowoltaiczne** \u2013 ekologiczna energia \u2600\ufe0f i oszcz\u0119dno\u015bci \ud83d\udcb0 dla firm. Zainwestuj w przysz\u0142o\u015b\u0107 i obni\u017c koszty! \u2705 Dowiedz si\u0119 wi\u0119cej.\" \/>\n<meta property=\"og:url\" content=\"https:\/\/www.wemi-invest.com\/index.php\/construction-of-photovoltaic-farms\/\" \/>\n<meta property=\"og:site_name\" content=\"WEMI INWESTYCJE\" \/>\n<meta property=\"article:modified_time\" content=\"2025-03-12T15:26:23+00:00\" \/>\n<meta property=\"og:image\" content=\"https:\/\/www.wemi-invest.com\/wp-content\/uploads\/2025\/03\/solar-8244680_1920.jpg\" \/>\n\t<meta property=\"og:image:width\" content=\"1920\" \/>\n\t<meta property=\"og:image:height\" content=\"1280\" \/>\n\t<meta property=\"og:image:type\" content=\"image\/jpeg\" \/>\n<meta name=\"twitter:card\" content=\"summary_large_image\" \/>\n<meta name=\"twitter:label1\" content=\"\u041f\u0440\u0438\u0431\u043b. \u0447\u0430\u0441 \u0447\u0438\u0442\u0430\u043d\u043d\u044f\" \/>\n\t<meta name=\"twitter:data1\" content=\"1 \u0445\u0432\u0438\u043b\u0438\u043d\u0430\" \/>\n<script type=\"application\/ld+json\" class=\"yoast-schema-graph\">{\"@context\":\"https:\/\/schema.org\",\"@graph\":[{\"@type\":\"WebPage\",\"@id\":\"https:\/\/www.wemi-invest.com\/index.php\/construction-of-photovoltaic-farms\/\",\"url\":\"https:\/\/www.wemi-invest.com\/index.php\/construction-of-photovoltaic-farms\/\",\"name\":\"Farmy fotowoltaiczne \u2013 inwestycja w zielon\u0105 energi\u0119 i oszcz\u0119dno\u015bci\",\"isPartOf\":{\"@id\":\"https:\/\/www.wemi-invest.com\/#website\"},\"primaryImageOfPage\":{\"@id\":\"https:\/\/www.wemi-invest.com\/index.php\/construction-of-photovoltaic-farms\/#primaryimage\"},\"image\":{\"@id\":\"https:\/\/www.wemi-invest.com\/index.php\/construction-of-photovoltaic-farms\/#primaryimage\"},\"thumbnailUrl\":\"https:\/\/www.wemi-invest.com\/wp-content\/uploads\/2025\/03\/solar-8244680_1920.jpg\",\"datePublished\":\"2025-03-08T13:54:25+00:00\",\"dateModified\":\"2025-03-12T15:26:23+00:00\",\"description\":\"\u26a1 **Farmy fotowoltaiczne** \u2013 ekologiczna energia \u2600\ufe0f i oszcz\u0119dno\u015bci \ud83d\udcb0 dla firm. Zainwestuj w przysz\u0142o\u015b\u0107 i obni\u017c koszty! \u2705 Dowiedz si\u0119 wi\u0119cej.\",\"breadcrumb\":{\"@id\":\"https:\/\/www.wemi-invest.com\/index.php\/construction-of-photovoltaic-farms\/#breadcrumb\"},\"inLanguage\":\"uk\",\"potentialAction\":[{\"@type\":\"ReadAction\",\"target\":[\"https:\/\/www.wemi-invest.com\/index.php\/construction-of-photovoltaic-farms\/\"]}]},{\"@type\":\"ImageObject\",\"inLanguage\":\"uk\",\"@id\":\"https:\/\/www.wemi-invest.com\/index.php\/construction-of-photovoltaic-farms\/#primaryimage\",\"url\":\"https:\/\/www.wemi-invest.com\/wp-content\/uploads\/2025\/03\/solar-8244680_1920.jpg\",\"contentUrl\":\"https:\/\/www.wemi-invest.com\/wp-content\/uploads\/2025\/03\/solar-8244680_1920.jpg\",\"width\":1920,\"height\":1280},{\"@type\":\"BreadcrumbList\",\"@id\":\"https:\/\/www.wemi-invest.com\/index.php\/construction-of-photovoltaic-farms\/#breadcrumb\",\"itemListElement\":[{\"@type\":\"ListItem\",\"position\":1,\"name\":\"Home\",\"item\":\"https:\/\/www.wemi-invest.com\/\"},{\"@type\":\"ListItem\",\"position\":2,\"name\":\"Farmy fotowoltaiczne\"}]},{\"@type\":\"WebSite\",\"@id\":\"https:\/\/www.wemi-invest.com\/#website\",\"url\":\"https:\/\/www.wemi-invest.com\/\",\"name\":\"WEMI INWESTYCJE\",\"description\":\"\",\"publisher\":{\"@id\":\"https:\/\/www.wemi-invest.com\/#organization\"},\"potentialAction\":[{\"@type\":\"SearchAction\",\"target\":{\"@type\":\"EntryPoint\",\"urlTemplate\":\"https:\/\/www.wemi-invest.com\/?s={search_term_string}\"},\"query-input\":{\"@type\":\"PropertyValueSpecification\",\"valueRequired\":true,\"valueName\":\"search_term_string\"}}],\"inLanguage\":\"uk\"},{\"@type\":\"Organization\",\"@id\":\"https:\/\/www.wemi-invest.com\/#organization\",\"name\":\"WEMI INWESTYCJE\",\"alternateName\":\"WEMI\",\"url\":\"https:\/\/www.wemi-invest.com\/\",\"logo\":{\"@type\":\"ImageObject\",\"inLanguage\":\"uk\",\"@id\":\"https:\/\/www.wemi-invest.com\/#\/schema\/logo\/image\/\",\"url\":\"https:\/\/www.wemi-invest.com\/wp-content\/uploads\/2025\/03\/cropped-e1741695099925.png\",\"contentUrl\":\"https:\/\/www.wemi-invest.com\/wp-content\/uploads\/2025\/03\/cropped-e1741695099925.png\",\"width\":512,\"height\":512,\"caption\":\"WEMI INWESTYCJE\"},\"image\":{\"@id\":\"https:\/\/www.wemi-invest.com\/#\/schema\/logo\/image\/\"}}]}<\/script>\n<!-- \/ Yoast SEO plugin. -->","yoast_head_json":{"title":"Farmy fotowoltaiczne \u2013 inwestycja w zielon\u0105 energi\u0119 i oszcz\u0119dno\u015bci","description":"\u26a1 **Farmy fotowoltaiczne** \u2013 ekologiczna energia \u2600\ufe0f i oszcz\u0119dno\u015bci \ud83d\udcb0 dla firm. Zainwestuj w przysz\u0142o\u015b\u0107 i obni\u017c koszty! \u2705 Dowiedz si\u0119 wi\u0119cej.","robots":{"index":"index","follow":"follow","max-snippet":"max-snippet:-1","max-image-preview":"max-image-preview:large","max-video-preview":"max-video-preview:-1"},"canonical":"https:\/\/www.wemi-invest.com\/index.php\/construction-of-photovoltaic-farms\/","og_locale":"uk_UA","og_type":"article","og_title":"Farmy fotowoltaiczne \u2013 inwestycja w zielon\u0105 energi\u0119 i oszcz\u0119dno\u015bci","og_description":"\u26a1 **Farmy fotowoltaiczne** \u2013 ekologiczna energia \u2600\ufe0f i oszcz\u0119dno\u015bci \ud83d\udcb0 dla firm. Zainwestuj w przysz\u0142o\u015b\u0107 i obni\u017c koszty! \u2705 Dowiedz si\u0119 wi\u0119cej.","og_url":"https:\/\/www.wemi-invest.com\/index.php\/construction-of-photovoltaic-farms\/","og_site_name":"WEMI INWESTYCJE","article_modified_time":"2025-03-12T15:26:23+00:00","og_image":[{"width":1920,"height":1280,"url":"https:\/\/www.wemi-invest.com\/wp-content\/uploads\/2025\/03\/solar-8244680_1920.jpg","type":"image\/jpeg"}],"twitter_card":"summary_large_image","twitter_misc":{"\u041f\u0440\u0438\u0431\u043b. \u0447\u0430\u0441 \u0447\u0438\u0442\u0430\u043d\u043d\u044f":"1 \u0445\u0432\u0438\u043b\u0438\u043d\u0430"},"schema":{"@context":"https:\/\/schema.org","@graph":[{"@type":"WebPage","@id":"https:\/\/www.wemi-invest.com\/index.php\/construction-of-photovoltaic-farms\/","url":"https:\/\/www.wemi-invest.com\/index.php\/construction-of-photovoltaic-farms\/","name":"Farmy fotowoltaiczne \u2013 inwestycja w zielon\u0105 energi\u0119 i oszcz\u0119dno\u015bci","isPartOf":{"@id":"https:\/\/www.wemi-invest.com\/#website"},"primaryImageOfPage":{"@id":"https:\/\/www.wemi-invest.com\/index.php\/construction-of-photovoltaic-farms\/#primaryimage"},"image":{"@id":"https:\/\/www.wemi-invest.com\/index.php\/construction-of-photovoltaic-farms\/#primaryimage"},"thumbnailUrl":"https:\/\/www.wemi-invest.com\/wp-content\/uploads\/2025\/03\/solar-8244680_1920.jpg","datePublished":"2025-03-08T13:54:25+00:00","dateModified":"2025-03-12T15:26:23+00:00","description":"\u26a1 **Farmy fotowoltaiczne** \u2013 ekologiczna energia \u2600\ufe0f i oszcz\u0119dno\u015bci \ud83d\udcb0 dla firm. Zainwestuj w przysz\u0142o\u015b\u0107 i obni\u017c koszty! \u2705 Dowiedz si\u0119 wi\u0119cej.","breadcrumb":{"@id":"https:\/\/www.wemi-invest.com\/index.php\/construction-of-photovoltaic-farms\/#breadcrumb"},"inLanguage":"uk","potentialAction":[{"@type":"ReadAction","target":["https:\/\/www.wemi-invest.com\/index.php\/construction-of-photovoltaic-farms\/"]}]},{"@type":"ImageObject","inLanguage":"uk","@id":"https:\/\/www.wemi-invest.com\/index.php\/construction-of-photovoltaic-farms\/#primaryimage","url":"https:\/\/www.wemi-invest.com\/wp-content\/uploads\/2025\/03\/solar-8244680_1920.jpg","contentUrl":"https:\/\/www.wemi-invest.com\/wp-content\/uploads\/2025\/03\/solar-8244680_1920.jpg","width":1920,"height":1280},{"@type":"BreadcrumbList","@id":"https:\/\/www.wemi-invest.com\/index.php\/construction-of-photovoltaic-farms\/#breadcrumb","itemListElement":[{"@type":"ListItem","position":1,"name":"Home","item":"https:\/\/www.wemi-invest.com\/"},{"@type":"ListItem","position":2,"name":"Farmy fotowoltaiczne"}]},{"@type":"WebSite","@id":"https:\/\/www.wemi-invest.com\/#website","url":"https:\/\/www.wemi-invest.com\/","name":"WEMI INWESTYCJE","description":"","publisher":{"@id":"https:\/\/www.wemi-invest.com\/#organization"},"potentialAction":[{"@type":"SearchAction","target":{"@type":"EntryPoint","urlTemplate":"https:\/\/www.wemi-invest.com\/?s={search_term_string}"},"query-input":{"@type":"PropertyValueSpecification","valueRequired":true,"valueName":"search_term_string"}}],"inLanguage":"uk"},{"@type":"Organization","@id":"https:\/\/www.wemi-invest.com\/#organization","name":"WEMI INWESTYCJE","alternateName":"WEMI","url":"https:\/\/www.wemi-invest.com\/","logo":{"@type":"ImageObject","inLanguage":"uk","@id":"https:\/\/www.wemi-invest.com\/#\/schema\/logo\/image\/","url":"https:\/\/www.wemi-invest.com\/wp-content\/uploads\/2025\/03\/cropped-e1741695099925.png","contentUrl":"https:\/\/www.wemi-invest.com\/wp-content\/uploads\/2025\/03\/cropped-e1741695099925.png","width":512,"height":512,"caption":"WEMI INWESTYCJE"},"image":{"@id":"https:\/\/www.wemi-invest.com\/#\/schema\/logo\/image\/"}}]}},"_links":{"self":[{"href":"https:\/\/www.wemi-invest.com\/index.php\/wp-json\/wp\/v2\/pages\/16070","targetHints":{"allow":["GET"]}}],"collection":[{"href":"https:\/\/www.wemi-invest.com\/index.php\/wp-json\/wp\/v2\/pages"}],"about":[{"href":"https:\/\/www.wemi-invest.com\/index.php\/wp-json\/wp\/v2\/types\/page"}],"author":[{"embeddable":true,"href":"https:\/\/www.wemi-invest.com\/index.php\/wp-json\/wp\/v2\/users\/1"}],"replies":[{"embeddable":true,"href":"https:\/\/www.wemi-invest.com\/index.php\/wp-json\/wp\/v2\/comments?post=16070"}],"version-history":[{"count":47,"href":"https:\/\/www.wemi-invest.com\/index.php\/wp-json\/wp\/v2\/pages\/16070\/revisions"}],"predecessor-version":[{"id":16567,"href":"https:\/\/www.wemi-invest.com\/index.php\/wp-json\/wp\/v2\/pages\/16070\/revisions\/16567"}],"wp:featuredmedia":[{"embeddable":true,"href":"https:\/\/www.wemi-invest.com\/index.php\/wp-json\/wp\/v2\/media\/15811"}],"wp:attachment":[{"href":"https:\/\/www.wemi-invest.com\/index.php\/wp-json\/wp\/v2\/media?parent=16070"}],"curies":[{"name":"wp","href":"https:\/\/api.w.org\/{rel}","templated":true}]}}